?
9
What is the tens digit of 1368?
6
What is the units digit of 33416?
6
What is the units digit of 799?
9
What is the units digit of 23490?
0
What is the ten thousands digit of 11645?
1
What is the hundreds digit of 1085?
0
What is the hundreds digit of 77123?
1
What is the hundreds digit of 129498?
4
What is the tens digit of 2712?
1
What is the thousands digit of 10378?
0
What is the thousands digit of 19323?
9
What is the hundreds digit of 1559?
5
What is the units digit of 248?
8
What is the units digit of 7454?
4
What is the hundreds digit of 4722?
7
What is the hundreds digit of 85965?
9
What is the units digit of 530?
0
What is the ten thousands digit of 15874?
1
What is the thousands digit of 1265?
1
What is the units digit of 24814?
4
What is the units digit of 15322?
2
What is the thousands digit of 3391?
3
What is the tens digit of 791?
9
What is the hundreds digit of 2006?
0
What is the thousands digit of 17698?
7
What is the units digit of 847?
7
What is the tens digit of 17293?
9
What is the tens digit of 6159?
5
What is the units digit of 86747?
7
What is the tens digit of 11046?
4
What is the hundreds digit of 33622?
6
What is the units digit of 1725?
5
What is the ten thousands digit of 10204?
1
What is the units digit of 64859?
9
What is the ten thousands digit of 34241?
3
What is the thousands digit of 1004?
1
What is the thousands digit of 10956?
0
What is the hundreds digit of 15192?
1
What is the thousands digit of 35378?
5
What is the units digit of 9195?
5
What is the hundreds digit of 4776?
7
What is the thousands digit of 1415?
1
What is the hundreds digit of 11910?
9
What is the hundreds digit of 618?
6
What is the thousands digit of 26064?
6
What is the hundreds digit of 557?
5
What is the units digit of 2109?
9
What is the hundreds digit of 1291?
2
What is the tens digit of 15959?
5
What is the thousands digit of 1137?
1
What is the hundreds digit of 19876?
8
What is the hundreds digit of 441?
4
What is the hundreds digit of 1073?
0
What is the hundreds digit of 715?
7
What is the units digit of 4599?
9
What is the tens digit of 216?
1
What is the units digit of 2189?
9
What is the units digit of 1097?
7
What is the hundreds digit of 370?
3
What is the thousands digit of 95284?
5
What is the units digit of 15510?
0
What is the units digit of 1?
1
What is the units digit of 67131?
1
What is the ten thousands digit of 26614?
2
What is the hundreds digit of 2726?
7
What is the thousands digit of 41124?
1
What is the tens digit of 44049?
4
What is the thousands digit of 2105?
2
What is the units digit of 447?
7
What is the thousands digit of 17004?
7
What is the hundreds digit of 111358?
3
What is the units digit of 3133?
3
What is the hundreds digit of 73427?
4
What is the hundreds digit of 455?
4
What is the ten thousands digit of 55964?
5
What is the units digit of 749?
9
What is the tens digit of 77?
7
What is the hundreds digit of 49973?
9
What is the thousands digit of 15351?
5
What is the tens digit of 711?
1
What is the tens digit of 19791?
9
What is the hundreds digit of 1234?
2
What is the thousands digit of 96100?
6
What is the tens digit of 22841?
4
What is the tens digit of 913?
1
What is the thousands digit of 1887?
1
What is the units digit of 1851?
1
What is the tens digit of 76?
7
What is the thousands digit of 1026?
1
What is the hundreds digit of 110330?
3
What is the units digit of 3329?
9
What is the ten thousands digit of 133870?
3
What is the units digit of 5102?
2
What is the ten thousands digit of 11393?
1
What is the hundreds digit of 14052?
0
What is the units digit of 273?
3
What is the units digit of 70459?
9
What is the units digit of 66264?
4
What is the tens digit of 1455?
5
What is the tens digit of 1848?
4
What is the tens digit of 8617?
1
What is the tens digit of 740?
4
What is the hundreds digit of 46866?
8
What is the hundreds digit of 1257?
2
What is the units digit of 497?
7
What is the units digit of 3947?
7
What is the tens digit of 5513?
1
What is the tens digit of 2801?
0
What is the units digit of 2768?
8
What is the hundreds digit of 759?
7
What is the hundreds digit of 43816?
8
What is the units digit of 280?
0
What is the hundreds digit of 63959?
9
What is the tens digit of 306?
0
What is the hundreds digit of 1755?
7
What is the ten thousands digit of 26352?
2
What is the hundreds digit of 1111?
1
What is the units digit of 871?
1
What is the tens digit of 26?
2
What is the units digit of 1313?
3
What is the units digit of 27307?
7
What is the thousands digit of 1683?
1
What is the ten thousands digit of 65830?
6
What is the tens digit of 133650?
5
What is the thousands digit of 2516?
2
What is the hundreds digit of 22066?
0
What is the units digit of 1259?
9
What is the thousands digit of 52334?
2
What is the thousands digit of 35656?
5
What is the tens digit of 5882?
8
What is the thousands digit of 2205?
2
What is the tens digit of 928?
2
What is the thousands digit of 76198?
6
What is the hundreds digit of 20927?
9
What is the hundreds digit of 1672?
6
What is the tens digit of 420?
2
What is the tens digit of 7174?
7
What is the hundreds digit of 46859?
8
What is the tens digit of 20932?
3
What is the hundreds digit of 269?
2
What is the hundreds digit of 868?
8
What is the thousands digit of 1508?
1
What is the thousands digit of 49538?
9
What is the tens digit of 21423?
2
What is the units digit of 11054?
4
What is the hundreds digit of 49817?
8
What is the hundreds digit of 1770?
7
What is the units digit of 212?
2
What is the tens digit of 566?
6
What is the tens digit of 1794?
9
What is the thousands digit of 1035?
1
What is the tens digit of 3979?
7
What is the units digit of 542?
2
What is the units digit of 49?
9
What is the hundreds digit of 4860?
8
What is the thousands digit of 68834?
8
What is the thousands digit of 55371?
5
What is the thousands digit of 12276?
2
What is the tens digit of 201?
0
What is the units digit of 7877?
7
What is the thousands digit of 3047?
3
What is the ten thousands digit of 11353?
1
What is the hundreds digit of 4287?
2
What is the tens digit of 3368?
6
What is the tens digit of 6362?
6
What is the hundreds digit of 6511?
5
What is the thousands digit of 42363?
2
What is the hundreds digit of 9228?
2
What is the tens digit of 431?
3
What is the hundreds digit of 6056?
0
What is the tens digit of 23114?
1
What is the hundreds digit of 734?
7
What is the thousands digit of 2272?
2
What is the thousands digit of 2276?
2
What is the hundreds digit of 887?
8
What is the tens digit of 11167?
6
What is the thousands digit of 31916?
1
What is the tens digit of 37149?
4
What is the units digit of 178?
8
What is the thousands digit of 18937?
8
What is the tens digit of 338?
3
What is the units digit of 8805?
5
What is the hundreds digit of 1026?
0
What is the hundreds digit of 3065?
0
What is the units digit of 41823?
3
What is the ten thousands digit of 88532?
8
What is the units digit of 9443?
3
What is the units digit of 1216?
6
What is the thousands digit of 1832?
1
What is the tens digit of 10792?
9
What is the hundreds digit of 27251?
2
What is the tens digit of 3961?
6
What is the units digit of 1882?
2
What is the hundreds digit of 1429?
4
What is the units digit of 274?
4
What is the thousands digit of 1254?
1
What is the tens digit of 2889?
8
What is the hundreds digit of 16234?
2
What is the units digit of 1037?
7
What is the tens digit of 2713?
1
What is the units digit of 8964?
4
What is the thousands digit of 1095?
1
What is the hundreds digit of 107993?
9
What is the thousands digit of 1117?
1
What is the ten thousands digit of 27814?
2
What is the thousands digit of 17994?
7
What is the tens digit of 3396?
9
What is the units digit of 44409?
9
What is the units digit of 2971?
1
What is the ten thousands digit of 153403?
5
What is the units digit of 894?
4
What is the thousands digit of 1834?
1
What is the units digit of 94724?
4
What is the units digit of 872?
2
What is the tens digit of 1215?
1
What is the thousands digit of 168046?
8
What is the hundreds digit of 5056?
0
What is the hundreds digit of 793?
7
What is the units digit of 4136?
6
What is the hundreds digit of 8058?
0
What is the thousands digit of 